 the second derivative of -g**4/12 + 4*g**3 - 19*g**2/2 + 5*g. Let f be s(23). What is b(f)?
14
Let q(k) = 4*k + 2. Let u be 24/12*10/1. Suppose 19*g - 5 = u*g. Calculate q(g).
-18
Let p be -2*(9 - 18)*2/4. Let b(i) = -i**3 + 8*i**2 + 9*i - 2. Calculate b(p).
-2
Let n(r) = -2 - 60*r - 5 + 61*r. Calculate n(10).
3
Let x = -7 + 8. Let b(h) be the first derivative of 5*h**4/4 + 2*h**3/3 - h**2 + h + 47. Calculate b(x).
6
Let v = -63 - -83. Let a(p) = -15 + v*p**2 + 16 - 22*p**2. Give a(2).
-7
Let y(s) be the second derivative of -s**6/120 + s**5/60 - 7*s**3/6 + 7*s**2 - 9*s. Let u(p) be the first derivative of y(p). Calculate u(0).
-7
Suppose 7 = -y + 5*r - 1, 4*r = y + 6. Let x(l) = -30 + 2*l - 2*l**y + 32 + l**3 + 0*l. What is x(2)?
6
Let w = -3607 - -3612. Let j(b) be the first derivative of b**3/3 - 5*b**2/2 - 3*b - 1. Calculate j(w).
-3
Let j(z) be the first derivative of -z**4/6 + z**2/2 + 24*z + 20. Let h(k) be the first derivative of j(k). Suppose -4*a - 1 = 7. What is h(a)?
-7
Suppose -27*l + 39*l - 36 = 0. Let r(t) = -4*t. Let w(d) = -1. Let p(z) = -r(z) + 4*w(z). Calculate p(l).
8
Let u(j) = -j**2 - 6*j + 1. Let r be -2 + (0 - (3 - -30)). Let n = r - -28. What is u(n)?
-6
Let g(y) = -y**3 + 7*y**2 - 7*y + 5. Let z(x) = 6 + 2122*x**2 - x**3 - 2*x - x - 2112*x**2 - 6*x. Let h be z(9). Determine g(h).
-1
Let t be (-6)/(-8)*(-2 + 8 + 2). Let w(q) = -q**2 + 10*q + 5. What is w(t)?
29
Let p(t) = 3*t**2 - 48*t + 78. Let z be p(14). Let s(a) = 4*a + 12. What is s(z)?
-12
Let z be 3/(-1) + 0 + 0. Let s be z - -1 - 10/(-10). Let t(v) be the second derivative of 7*v**4/12 - v**3/6 - v**2/2 - 9*v. What is t(s)?
7
Let u(q) be the second derivative of 3*q**3/2 + q**2/2 - 3*q - 23. Calculate u(-4).
-35
Let v(z) be the third derivative of 17*z**5/60 + z**3/6 + 44*z**2. Calculate v(1).
18
Let h(w) be the third derivative of w**5/120 - w**4/6 + 5*w**3/3 + 10*w**2. Let l(s) be the first derivative of h(s). What is l(3)?
-1
Let u(t) be the third derivative of -t**7/2520 - t**6/90 - t**5/5 - 2*t**2 + 2*t. Let m(k) be the third derivative of u(k). What is m(-7)?
6
Let b(f) = -1 - 3*f**2 + 1 + 2 - f + 17*f. Let u(l) = 9 - 14 + 6 - l**2 + 4*l + l. Let q(a) = 2*b(a) - 7*u(a). Give q(-2).
7
Let v(d) = d**2 + 8*d - 22. Let f be v(-10). Let x(b) = -b**2 + 3*b + 5. Calculate x(f).
-5
Let o(y) = -3*y - 2*y**2 - y**2 + 2 + y. Let i(r) = r**2 + 22*r - 201. Let q be i(-29). Determine o(q).
-14
Let y be (-21)/(-6)*(48/4)/6. Let w(k) = k**3 - 7*k**2 - k. Calculate w(y).
-7
Let v(p) = -p**2 - 9*p - 4. Suppose -i + 5*i = 96. Let o = i - 33. Determine v(o).
-4
Let y(w) = -9 + 5*w + 3 + 0 - 6*w. Give y(0).
-6
Let f(y) = 39*y**2 - 4*y**3 - 11 - 32*y**2 + 8*y + 3*y**3. Suppose 0 = -3*o - 5*k + 49, -17 = -14*o + 15*o - 5*k. Determine f(o).
-11
Let z(o) = -o**2 - 5*o - 7. Let h(a) be the first derivative of -a**4/4 + 7*a**3/3 - 3*a**2 + 2*a - 3. Let d be h(6). Let x = -7 + d. Calculate z(x).
-7
Let z(g) = g**3 - 2*g**2 - 14*g + 31. Let c be z(3). Let u(b) = 6*b**2 + b - 4. Determine u(c).
18
Let u be (-48)/15*85/(-34). Let k(l) = l**3 - 8*l**2 - 2*l + 17. What is k(u)?
1
Let o(y) = y**3 - 5*y**2 - 6*y + 7. Suppose -z - 2*p + 7*p + 30 = 0, -5*p - 20 = z. Let n be z + -1 + -1 - -2. Give o(n).
-23
Let r be ((-3)/6*10)/((-30)/12). Let i(z) = -2*z**2 + 3*z**r - 399*z + 403*z + 4. Give i(-4).
4
Let a(l) be the second derivative of -l**5/20 + 5*l**4/12 - l**3 + 3*l**2 - l. Let z be (9 + (-19)/2)*-8. What is a(z)?
-2
Let y be (-5)/6 - (-1)/(-6). Let d(z) be the first derivative of -z**4/12 + z**3/6 - 3*z**2/2 - 1. Let q(l) be the second derivative of d(l). Calculate q(y).
3
Suppose 0 = z, -3*b + 6 = -5*b + 4*z. Let u(x) be the first derivative of 5 + 1/3*x**3 + 4*x + 3/2*x**2. Give u(b).
4
Let n(p) = 2*p**3 - 2*p**2 + 30*p - 69. Let m be n(2). Let c(u) = -1. Let s(x) = -4*x - 4. Let d(z) = 5*c(z) - s(z). Calculate d(m).
-5
Let w(v) = 38 + 2*v + 2*v - 66 + 33. Determine w(0).
5
Let t(k) = -k + 4*k - 1 + 2*k - 4*k. Give t(-8).
-9
Let n(m) = -9*m**2 - 6*m - 1. Let g(b) = 3*b**3 + 20*b**2 + 13*b + 2. Let p(k) = 4*g(k) + 9*n(k). Suppose -u = 2*s - 9, 5*u - 6*s + 30 = -s. What is p(u)?
-12
Let s(g) = g + 1. Suppose u = 5*i - 10, i + 4*u = -0*i - 19. Let w(p) = -4*p - 12. Let v(x) = i*w(x) + 5*s(x). Determine v(0).
-7
Let z be ((-140)/(-21) + -6)*(1 + 2). Let a(x) be the second derivative of -2*x - 1/20*x**5 + 1/12*x**4 - 1/6*x**3 - 3/2*x**z + 0. Give a(0).
-3
Let y(j) = -5*j**2 + 7*j + 10. Let m(l) = -2*l**2 + 4*l + 5. Let f(h) = 7*m(h) - 3*y(h). Let u = -44 + 24. Let c = -26 - u. Calculate f(c).
-1
Let d(b) = 4*b + 7. Let r be ((-117)/39)/((-6)/(-8)). Calculate d(r).
-9
Let h(t) be the second derivative of 7*t - 1/12*t**4 - 1/20*t**5 + 10*t**2 + 1/6*t**3 + 0. Determine h(0).
20
Let g = -313 + 321. Let o(f) = -f**2 + 9*f + 9. Determine o(g).
17
Let n(w) = -26 + 26*w**2 + 17*w - 27*w**2 + 22 - 29. Give n(15).
-3
Let p(m) = m**2 - 3*m + 2. Suppose 7*g = 8*g + 1. Let z = 2 - g. Suppose 4*s + 3*y = 21, -3*y + 9 = z*s - 9. Determine p(s).
2
Let x(v) be the second derivative of 2*v**3/3 + 14*v**2 + 50*v + 1. Determine x(-8).
-4
Let c(f) = 11*f + 16. Suppose 278 - 272 = -3*t. Calculate c(t).
-6
Let l(n) = -n + 1. Let b(k) = k**2 + 6*k. Let q be b(-6). Suppose q*g - 2*g - 3*z + 3 = 0, 0 = 5*g - 5*z + 5. Suppose 3*d + d + 8 = g. Determine l(d).
3
Let y(s) = s + 1. Let j be y(0). Let i(n) be the third derivative of -13*n**5/60 - n**4/12 + n**3/6 + 2*n**2 - 18*n. Determine i(j).
-14
Suppose 10 = a + 15, -2*a - 10 = -5*w. Let k(l) be the third derivative of -1/60*l**5 + w + 3*l**2 - 5/6*l**3 + 0*l - 1/3*l**4. What is k(-6)?
7
Let z = -28 - -10. Let d = z - -13. Let x(u) = 10*u**3 + 5*u**2 - 14*u - 8. Let r(h) = -3*h**3 - 2*h**2 + 5*h + 3. Let y(v) = 7*r(v) + 2*x(v). Give y(d).
-5
Let u(s) = -s**3 - 5*s**2 - 7*s - 4. Let g be u(-3). Let n(m) = 35*m**2 + 1. Calculate n(g).
36
Let q(i) = i**3 - 7*i**2 - 6*i - 7. Suppose 3*w = -4*l + w + 42, -4*l + 4*w + 12 = 0. What is q(l)?
9
Let p(t) = t**2 - 7*t + 10. Let a = 114 - 109. Calculate p(a).
0
Let n(z) be the first derivative of z**3/3 + 5*z**2/2 + 2*z - 4. Let x(k) = -k**2 + 3*k + 4. Let f be x(3). Suppose -v = 2 + f. Determine n(v).
8
Let p(n) = n**2 - 4*n. Suppose 0 = -16*x + 19*x - 9. Let o be 49/(-21) + (-2)/x - -9. Give p(o).
12
Let d(r) = r**3 + r**2 - 2. Let c be (-4)/6*(2 - 5). Let t(s) = 4 - c - 5 - 3 - s**2 + 5*s. Let x be t(4). Give d(x).
-6
Suppose 18*o + 576 = -0*o. Let p(m) = -m**3 - 32*m**2 - 5. What is p(o)?
-5
Let q(i) be the second derivative of i**3/6 + 7*i. Let c = -142 + 137. What is q(c)?
-5
Let f(i) = 4*i**3 + i**2 + 7*i - 5. Let d(z) = 8*z**3 + 2*z**2 + 16*z - 11. Let h(q) = -4*d(q) + 9*f(q). What is h(-1)?
-3
Let j(f) = 2*f**2 + f + 1. Let w(m) = -4*m**2 + 10*m**2 + 2*m - m**3 - 7*m - 12. Let h be w(6). Let l be ((-3)/(-6))/(7/h). Give j(l).
16
Let j(l) = -145 - 3*l - 2*l + 145. Calculate j(-1).
5
Let c be 2000/560 + (-4)/7. Let w(h) = 2*h + 2. Calculate w(c).
8
Let n(r) be the second derivative of 2*r**3/3 - 19*r**2 - 158*r. Calculate n(6).
-14
Let o(i) be the second derivative of -i**3/6 + i**2 - i. Let j be 1*(-9)/15*(-101 + 96). Calculate o(j).
-1
Let o(y) = -6*y - 89. Let t be o(-14). Let x(i) = 2*i + 12. Calculate x(t).
2
Let h(l) = -l**3 + l**2 - 8*l + 6. Let w(b) = 6*b**3 - 9*b**2 + 41*b - 29. Let d(n) = 11*h(n) + 2*w(n). What is d(8)?
24
Let u(i) = 20 + 6*i + 9 + 3*i - 7 - 8*i. Determine u(0).
22
Let o = 2 + 0. Suppose -o*u + 3*u - 6 = 0. Let c(a) = -5*a**3 - 3*a + 15. Let w(d) = -4*d**3 - d**2 - 3*d + 14. Let m(l) = -5*c(l) + 6*w(l). Calculate m(u).
-9
Let l(o) = -10*o**2 + o - 1. Let h(v) = -6*v**2 + v. Let y(u) = 3*h(u) - l(u). Calculate y(-1).
-9
Let p(c) = 3*c + 26 - 21 - 16. What is p(9)?
16
Let u(s) be the second derivative of s**4/12 - 2*s**3/3 + 5*s**2/2 - 73*s. Let k = 3 + 0. Suppose g = k*x - 8, x = -3*g + 1 + 15. What is u(x)?
5
Let y(z) = 3*z**2 - 6*z + 5. Let f = -5 - -3. Let j(a) = 10*a**2 - 19*a + 15. Let n(o) = f*j(o) + 7*y(o). Calculate n(5).
10
Let j be (-1668)/(-36) + (-1 - 5/(-3)). Let c(m) = j*m - 27*m - 6 - 9 - 19*m. Calculate c(7).
-8
Suppose 4*i - 30 = 5*b, b + 3*i = -2*i - 35. Let s be (b - -4)*(-3)/(-3). Let d(o) = -o**2 - 3*o + 4. Determine d(s).
-14
Let c(p) = -p**2 + p + 1. Let h(t) = -t**3